 141707
What are the prime factors of 182999?
182999
What are the prime factors of 282827?
282827
List the prime factors of 358596.
2, 3, 7, 1423
What are the prime factors of 1534333?
61, 25153
List the prime factors of 1030635.
3, 5, 37, 619
List the prime factors of 3989115.
3, 5, 13, 2273
List the prime factors of 2659331.
2659331
List the prime factors of 139421.
107, 1303
What are the prime factors of 1509173?
31, 89, 547
What are the prime factors of 149391?
3, 11, 503
What are the prime factors of 11039756?
2, 7, 13, 2333
List the prime factors of 10725128.
2, 29, 46229
List the prime factors of 460847.
97, 4751
What are the prime factors of 9879442?
2, 41, 211, 571
List the prime factors of 2142634.
2, 13, 23, 3583
List the prime factors of 219429.
3, 7, 43
What are the prime factors of 77522?
2, 83, 467
List the prime factors of 1284908.
2, 321227
List the prime factors of 39263.
7, 71, 79
List the prime factors of 14729744.
2, 920609
What are the prime factors of 7142007?
3, 109, 21841
List the prime factors of 154497.
3, 7, 1051
List the prime factors of 5018233.
11, 67, 619
List the prime factors of 382776.
2, 3, 41, 389
List the prime factors of 4213250.
2, 5, 19, 887
What are the prime factors of 14881656?
2, 3, 449, 1381
What are the prime factors of 896836?
2, 224209
What are the prime factors of 2158689?
3, 13, 55351
What are the prime factors of 286815?
3, 5, 19121
List the prime factors of 182068.
2, 23, 1979
What are the prime factors of 346252?
2, 107, 809
What are the prime factors of 1697584?
2, 7, 23, 659
What are the prime factors of 996432?
2, 3, 20759
What are the prime factors of 124334?
2, 7, 83, 107
What are the prime factors of 9169671?
3, 7, 436651
What are the prime factors of 361437?
3, 17, 19, 373
What are the prime factors of 3973381?
3973381
List the prime factors of 803661.
3, 267887
What are the prime factors of 2302072?
2, 17, 16927
List the prime factors of 63217.
7, 11, 821
What are the prime factors of 2891051?
2891051
What are the prime factors of 1508144?
2, 11, 19, 41
List the prime factors of 184707.
3, 6841
What are the prime factors of 142398?
2, 3, 293
What are the prime factors of 104214?
2, 3, 11, 1579
List the prime factors of 234541.
234541
What are the prime factors of 1409488?
2, 88093
List the prime factors of 3067409.
3067409
What are the prime factors of 136923?
3, 45641
What are the prime factors of 1267956?
2, 3, 35221
List the prime factors of 111997.
111997
What are the prime factors of 880794?
2, 3, 5437
What are the prime factors of 2947712?
2, 23029
What are the prime factors of 16734?
2, 3, 2789
List the prime factors of 83475.
3, 5, 7, 53
What are the prime factors of 1944994?
2, 53, 59, 311
List the prime factors of 213195.
3, 5, 61, 233
What are the prime factors of 2714549?
19, 142871
List the prime factors of 8318227.
8318227
List the prime factors of 96063.
3, 11, 41, 71
List the prime factors of 15240155.
5, 7, 67, 97
List the prime factors of 3288754.
2, 7, 61, 3851
What are the prime factors of 789416?
2, 101, 977
What are the prime factors of 643994?
2, 13, 17, 31, 47
What are the prime factors of 5355009?
3, 11, 54091
List the prime factors of 269194.
2, 134597
List the prime factors of 6291219.
3, 11, 311, 613
List the prime factors of 8713388.
2, 103, 21149
List the prime factors of 43207.
43207
What are the prime factors of 319897?
319897
List the prime factors of 392500.
2, 5, 157
What are the prime factors of 13838913?
3, 11, 139787
List the prime factors of 2628744.
2, 3, 17, 379
What are the prime factors of 4518413?
17, 67, 3967
List the prime factors of 5827054.
2, 1181, 2467
What are the prime factors of 229783?
47, 4889
What are the prime factors of 4345388?
2, 1086347
What are the prime factors of 41855?
5, 11, 761
What are the prime factors of 3325002?
2, 3, 554167
What are the prime factors of 1264348?
2, 316087
What are the prime factors of 15545210?
2, 5, 1554521
What are the prime factors of 133182?
2, 3, 7, 151
What are the prime factors of 109911?
3, 36637
What are the prime factors of 11780767?
137, 85991
List the prime factors of 11630591.
7, 97, 2447
What are the prime factors of 8309116?
2, 31, 113, 593
What are the prime factors of 8505378?
2, 3, 7, 22501
What are the prime factors of 868468?
2, 217117
What are the prime factors of 1476560?
2, 5, 18457
List the prime factors of 9210610.
2, 5, 79, 89, 131
What are the prime factors of 466403?
7, 66629
What are the prime factors of 1493192?
2, 186649
What are the prime factors of 692821?
692821
What are the prime factors of 3378425?
5, 337, 401
What are the prime factors of 115618?
2, 57809
List the prime factors of 39557608.
2, 23, 214987
What are the prime factors of 1343541?
3, 29, 15443
What are the prime factors of 11720610?
2, 3, 5, 11, 11839
List the prime factors of 2993913.
3, 13, 25589
List the prime factors of 9067165.
5, 109, 127, 131
What are the prime factors of 1023942?
2, 3, 47, 3631
List the prime factors of 351121.
351121
What are the prime factors of 3908943?
3, 47, 9241
What are the prime factors of 989294?
2, 494647
What are the prime factors of 644696?
2, 13, 6199
List the prime factors of 3193590.
2, 3, 5, 106453
List the prime factors of 987560.
2, 5, 7, 3527
What are the prime factors of 4108044?
2, 3, 342337
What are the prime factors of 4561446?
2, 3, 760241
List the prime factors of 15064088.
2, 13, 144847
List the prime factors of 495021.
3, 157, 1051
What are the prime factors of 5387640?
2, 3, 5, 17, 19, 139
List the prime factors of 10875457.
10875457
List the prime factors of 148697.
241, 617
What are the prime factors of 851509?
709, 1201
List the prime factors of 775802.
2, 41, 9461
What are the prime factors of 26184?
2, 3, 1091
What are the prime factors of 26202082?
2, 13101041
What are the prime factors of 100710?
2, 3, 5, 373
What are the prime factors of 4662632?
2, 13, 107, 419
What are the prime factors of 2459455?
5, 19, 25889
List the prime factors of 20772574.
2, 61, 170267
What are the prime factors of 3390183?
3, 376687
List the prime factors of 10947640.
2, 5, 11, 139, 179
What are the prime factors of 11655692?
2, 811, 3593
What are the prime factors of 1676386?
2, 838193
What are the prime factors of 3198090?
2, 3, 5, 7, 97, 157
List the prime factors of 23348.
2, 13, 449
List the prime factors of 215105.
5, 11, 3911
What are the prime factors of 2855786?
2, 1427893
What are the prime factors of 1250142?
2, 3, 23, 9059
List the prime factors of 3379701.
3, 13, 19, 4561
What are the prime factors of 21463460?
2, 5, 61, 73, 241
List the prime factors of 306069.
3, 102023
List the prime factors of 20917509.
3, 859, 8117
List the prime factors of 7334696.
2, 916837
What are the prime factors of 6845951?
7, 17, 57529
List the prime factors of 32584366.
2, 307, 53069
What are the prime factors of 453101?
11, 17, 2423
What are the prime factors of 22040492?
2, 5510123
What are the prime factors of 8468979?
3, 43, 65651
What are the prime factors of 194770?
2, 5, 19477
What are the prime factors of 733549?
827, 887
List the prime factors of 15388018.
2, 7694009
List the prime factors of 333469.
19, 17551
What are the prime factors of 58513?
7, 13, 643
List the prime factors of 1317438.
2, 3, 31, 787
List the prime factors of 131805.
3, 5, 29, 101
List the prime factors of 116770.
2, 5, 11677
List the prime factors of 5990452.
2, 13, 115201
What are the prime factors of 389203?
37, 67, 157
List the prime factors of 1444605.
3, 5, 193, 499
What are the prime factors of 337757?
7, 61, 113
What are the prime factors of 6098410?
2, 5, 17, 29, 1237
What are the prime factors of 231900?
2, 3, 5, 773
List the prime factors of 728109.
3, 89, 101
List the prime factors of 31327315.
5, 277, 22619
List the prime factors of 77902.
2, 11, 3541
What are the prime factors of 3279413?
83, 39511
What are the prime factors of 36655?
5, 7331
What are the prime factors of 26143?
13, 2011
What are the prime factors of 2089049?
2089049
List the prime factors of 414298.
2, 59, 3511
What are the prime factors of 1638091?
7, 13, 47, 383
List the prime factors of 357949.
23, 79, 197
What are the prime factors of 153123?
3, 43, 1187
What are the prime factors of 4097195?
5, 